t of 39850245?
2
What is the hundreds digit of 304340273?
2
What is the hundreds digit of 62657008?
0
What is the tens digit of 27998664?
6
What is the thousands digit of 6384530?
4
What is the hundred millions digit of 477249444?
4
What is the hundred thousands digit of 379333552?
3
What is the thousands digit of 651987943?
7
What is the ten thousands digit of 721409292?
0
What is the hundreds digit of 3265812290?
2
What is the thousands digit of 1163093373?
3
What is the ten millions digit of 1715270869?
1
What is the millions digit of 2788949?
2
What is the billions digit of 3164596270?
3
What is the millions digit of 2837367390?
7
What is the millions digit of 3962591913?
2
What is the tens digit of 86306596?
9
What is the units digit of 7387520?
0
What is the millions digit of 144285052?
4
What is the hundred millions digit of 1015373909?
0
What is the ten millions digit of 698169343?
9
What is the ten thousands digit of 206404196?
0
What is the millions digit of 8809215?
8
What is the ten thousands digit of 387099937?
9
What is the hundred thousands digit of 22816314?
8
What is the ten millions digit of 160015745?
6
What is the ten millions digit of 1048241871?
4
What is the hundreds digit of 399141435?
4
What is the thousands digit of 4527619257?
9
What is the millions digit of 52902661?
2
What is the hundred millions digit of 3607528510?
6
What is the hundred millions digit of 7031427542?
0
What is the hundreds digit of 112600887?
8
What is the hundred thousands digit of 81932829?
9
What is the ten millions digit of 688369674?
8
What is the thousands digit of 404920378?
0
What is the hundred millions digit of 2465521248?
4
What is the ten thousands digit of 1860190108?
9
What is the ten millions digit of 433424707?
3
What is the hundred millions digit of 5036772156?
0
What is the thousands digit of 127293803?
3
What is the millions digit of 162820949?
2
What is the tens digit of 540461218?
1
What is the ten thousands digit of 227189299?
8
What is the hundreds digit of 60193211?
2
What is the hundred thousands digit of 2904138127?
1
What is the units digit of 933659187?
7
What is the units digit of 22860149?
9
What is the thousands digit of 404042443?
2
What is the units digit of 125880515?
5
What is the hundred thousands digit of 4618308406?
3
What is the hundred thousands digit of 79308738?
3
What is the thousands digit of 493074502?
4
What is the millions digit of 36293250?
6
What is the units digit of 204435422?
2
What is the ten thousands digit of 616883196?
8
What is the tens digit of 1048989241?
4
What is the hundred thousands digit of 96328396?
3
What is the ten thousands digit of 2045967683?
6
What is the hundreds digit of 2720925805?
8
What is the ten thousands digit of 798134812?
3
What is the ten thousands digit of 17325124?
2
What is the units digit of 5244032579?
9
What is the tens digit of 168117454?
5
What is the ten thousands digit of 2040455468?
5
What is the ten thousands digit of 369335769?
3
What is the thousands digit of 235461576?
1
What is the hundred thousands digit of 200137134?
1
What is the hundred thousands digit of 55490153?
4
What is the hundred thousands digit of 2972240?
9
What is the ten millions digit of 2070074511?
7
What is the hundreds digit of 1287585992?
9
What is the thousands digit of 104572803?
2
What is the ten thousands digit of 1256181?
5
What is the ten millions digit of 254615991?
5
What is the ten thousands digit of 1175449685?
4
What is the millions digit of 399705763?
9
What is the millions digit of 42853715?
2
What is the hundreds digit of 5748683965?
9
What is the hundred thousands digit of 2584746357?
7
What is the hundred millions digit of 1158863172?
1
What is the ten millions digit of 12673931?
1
What is the millions digit of 548641440?
8
What is the units digit of 38375941?
1
What is the hundred thousands digit of 3382653?
3
What is the hundred thousands digit of 1489484354?
4
What is the hundred thousands digit of 47819216?
8
What is the ten millions digit of 51212787?
5
What is the ten millions digit of 554266362?
5
What is the units digit of 311792023?
3
What is the billions digit of 6908469337?
6
What is the millions digit of 1872195?
1
What is the thousands digit of 377726835?
6
What is the hundred millions digit of 151839723?
1
What is the thousands digit of 7191386585?
6
What is the millions digit of 62882259?
2
What is the ten millions digit of 3372003720?
7
What is the ten millions digit of 343156506?
4
What is the millions digit of 171194713?
1
What is the thousands digit of 394492564?
2
What is the units digit of 39516299?
9
What is the ten thousands digit of 15774974?
7
What is the units digit of 64119424?
4
What is the thousands digit of 1011090255?
0
What is the hundreds digit of 353269664?
6
What is the millions digit of 634733889?
4
What is the thousands digit of 1183784322?
4
What is the hundred millions digit of 492023332?
4
What is the hundred thousands digit of 21411392?
4
What is the ten millions digit of 355713734?
5
What is the millions digit of 20844300?
0
What is the hundred millions digit of 702698760?
7
What is the hundreds digit of 5841184883?
8
What is the millions digit of 336473522?
6
What is the ten millions digit of 123530638?
2
What is the ten thousands digit of 71999796?
9
What is the millions digit of 6186821?
6
What is the hundred thousands digit of 516598531?
5
What is the ten millions digit of 85872117?
8
What is the ten thousands digit of 21295322?
9
What is the millions digit of 7506753?
7
What is the hundreds digit of 191567004?
0
What is the units digit of 623499577?
7
What is the tens digit of 1388895820?
2
What is the millions digit of 3000753802?
0
What is the ten thousands digit of 2508651697?
5
What is the ten thousands digit of 995197901?
9
What is the millions digit of 100311869?
0
What is the thousands digit of 2050621330?
1
What is the millions digit of 3619498239?
9
What is the units digit of 314594480?
0
What is the hundreds digit of 21064468?
4
What is the hundred thousands digit of 9609321?
6
What is the hundred thousands digit of 295174962?
1
What is the ten thousands digit of 25961341?
6
What is the millions digit of 150012845?
0
What is the hundred millions digit of 582532529?
5
What is the ten millions digit of 31599559?
3
What is the units digit of 2371842965?
5
What is the units digit of 6729188406?
6
What is the tens digit of 731426999?
9
What is the hundreds digit of 76216800?
8
What is the hundred millions digit of 183478908?
1
What is the units digit of 739485502?
2
What is the tens digit of 25093225?
2
What is the ten millions digit of 55547087?
5
What is the billions digit of 2521541675?
2
What is the millions digit of 110771672?
0
What is the hundred thousands digit of 4841146?
8
What is the units digit of 66697143?
3
What is the thousands digit of 460896292?
6
What is the thousands digit of 693838532?
8
What is the thousands digit of 41936379?
6
What is the ten millions digit of 108093891?
0
What is the millions digit of 76091949?
6
What is the billions digit of 4863734152?
4
What is the hundred millions digit of 1362869983?
3
What is the thousands digit of 791585388?
5
What is the hundreds digit of 2761848?
8
What is the hundred thousands digit of 92525191?
5
What is the millions digit of 1638317474?
8
What is the units digit of 1578333834?
4
What is the ten thousands digit of 2249834599?
3
What is the hundreds digit of 1273115541?
5
What is the ten thousands digit of 15727717?
2
What is the units digit of 49241564?
4
What is the tens digit of 23182707?
0
What is the ten thousands digit of 39604245?
0
What is the ten thousands digit of 57173279?
7
What is the ten millions digit of 338230793?
3
What is the tens digit of 3841663325?
2
What is the hundreds digit of 9597363?
3
What is the thousands digit of 77244242?
4
What is the units digit of 30898569?
9
What is the tens digit of 75676512?
1
What is the hundreds digit of 544082702?
7
What is the millions digit of 29139318?
9
What is the tens digit of 283862151?
5
What is the ten millions digit of 135805213?
3
What is the hundred thousands digit of 2225616043?
6
What is the thousands digit of 2409784378?
4
What is the hundred millions digit of 957553160?
9
